
{"id":72,"date":"2012-08-04T04:46:24","date_gmt":"2012-08-04T04:46:24","guid":{"rendered":"http:\/\/www.claudiakaiser.es\/?page_id=72"},"modified":"2019-02-21T17:42:00","modified_gmt":"2019-02-21T17:42:00","slug":"product-wts","status":"publish","type":"page","link":"https:\/\/www.claudiakaiser.es\/?page_id=72","title":{"rendered":"Cursos de preparaci\u00f3n, al parto, a la maternidad y paternidad"},"content":{"rendered":"<h2 style=\"text-align: center;\">\u00a0 Lee el programa completo aqu\u00ed :\u00a0<a href=\"https:\/\/www.claudiakaiser.es\/wp-content\/uploads\/2012\/08\/Programa-Preparaci\u00f3n-2019.pdf\">Programa Preparaci\u00f3n 2019<\/a><\/h2>\n<h2 style=\"text-align: center;\"><span class=\"Apple-style-span\" style=\"font-size: 26px; font-weight: bold;\"><strong style=\"font-size: 1.17em;\">Nuevo curso de preparaci\u00f3n a la maternidad <\/strong><\/span><\/h2>\n<p style=\"text-align: center;\"><span class=\"Apple-style-span\" style=\"font-size: 26px; font-weight: bold;\"><strong style=\"font-size: 1.17em;\">y paternidad comienza en Marzo 2019\u00a0 en El Puerto de Santa Mar\u00eda\u00a0<\/strong><\/span><\/p>\n<p>&nbsp;<\/p>\n<h1 style=\"text-align: center;\"><\/h1>\n<p style=\"text-align: center;\">Continuamente hay cursos de preparaci\u00f3n. Trabajo corporal, charlas, juegos , contacto con el beb\u00e9, \u00a0relajaci\u00f3n..<\/p>\n<p style=\"text-align: center;\">M\u00e1s informaci\u00f3n: 625 891 573 Claudia<\/p>\n<div style=\"text-align: center;\"><\/div>\n<pre style=\"text-align: center;\"><span class=\"Apple-style-span\" style=\"font-family: Georgia, 'Times New Roman', 'Bitstream Charter', Times, serif; font-size: 20px; font-weight: bold; line-height: 19px; white-space: normal;\">\r\n\r\nCuando nace nuestro beb\u00e9,<\/span><\/pre>\n<h2><a href=\"http:\/\/www.claudiakaiser.es\/wp-content\/uploads\/2013\/02\/fam1.jpg\"><img loading=\"lazy\" decoding=\"async\" class=\"size-thumbnail wp-image-222 alignright\" src=\"http:\/\/www.claudiakaiser.es\/wp-content\/uploads\/2013\/02\/fam1-150x150.jpg\" alt=\"fam1\" width=\"211\" height=\"211\" \/><\/a><\/h2>\n<p>nace una nueva vida, y con ella cae en nuestras manos una gran responsabilidad y oportunidad.<\/p>\n<p>Queremos que nuestro beb\u00e9 nazca bien, y queremos dar a luz normal &#8211; natural &#8211; sin intervenciones innecesarias.<\/p>\n<p>M\u00e1s all\u00e1 de las \u00abt\u00e9cnicas de respiraci\u00f3n\u00bb y \u00bb la gimnasia, \u00bb con este curso<br \/>\nos propongo un acercamiento pr\u00e1ctico, a la vez sensible a los temas centrales embarazo &#8211; parto &#8211; postparto y lactancia.<\/p>\n<p>Hacemos trabajo corporal, charla, juegos de rol y relajaci\u00f3n, probamos situaciones de parto en casa y en el hospital. Se puede participar en cualquier momento de embarazo, en cualquier condici\u00f3n f\u00edsica, en pareja, (madre y padre), con acompa\u00f1ante, o sola. El grupo acompa\u00f1a ; )<br \/>\n\u00a1Bienvenidos al curso de preparaci\u00f3n !<br \/>\nEn CONIL \u2013 pr\u00f3ximamente en LA BOUTIQUE del Alquimista, Calle Bodegueros 11. Cada 15 dias, jueves por la tarde, 17:30 -20:00h<\/p>\n<p>&nbsp;<\/p>\n<p><strong><a href=\"http:\/\/www.claudiakaiser.es\/wp-content\/uploads\/2012\/08\/2012-05-29-19.59.15.jpg\"><img loading=\"lazy\" decoding=\"async\" class=\"alignleft size-thumbnail wp-image-152\" title=\"2012-05-29 19.59.15\" src=\"http:\/\/www.claudiakaiser.es\/wp-content\/uploads\/2012\/08\/2012-05-29-19.59.15-150x150.jpg\" alt=\"Curso de preparaci\u00f3n al parto.\" width=\"150\" height=\"150\" \/><\/a><a href=\"http:\/\/www.claudiakaiser.es\/wp-content\/uploads\/2012\/08\/2012-05-29-19.59.44.jpg\"><img loading=\"lazy\" decoding=\"async\" class=\"size-thumbnail wp-image-153 alignleft\" title=\"2012-05-29 19.59.44\" src=\"http:\/\/www.claudiakaiser.es\/wp-content\/uploads\/2012\/08\/2012-05-29-19.59.44-150x150.jpg\" alt=\"\" width=\"150\" height=\"150\" \/><\/a><\/strong><strong><a href=\"http:\/\/www.claudiakaiser.es\/wp-content\/uploads\/2012\/08\/2012-05-29-20.03.11.jpg\"><img loading=\"lazy\" decoding=\"async\" class=\"alignleft size-thumbnail wp-image-154\" title=\"2012-05-29 20.03.11\" src=\"http:\/\/www.claudiakaiser.es\/wp-content\/uploads\/2012\/08\/2012-05-29-20.03.11-150x150.jpg\" alt=\"\" width=\"150\" height=\"150\" \/><\/a><\/strong><\/p>\n","protected":false},"excerpt":{"rendered":"<p>\u00a0 Lee el programa completo aqu\u00ed :\u00a0Programa Preparaci\u00f3n 2019 Nuevo curso de preparaci\u00f3n a la maternidad y paternidad comienza en Marzo 2019\u00a0 en El Puerto de Santa Mar\u00eda\u00a0 &nbsp; Continuamente hay cursos de preparaci\u00f3n. Trabajo corporal, charlas, juegos , contacto con el beb\u00e9, \u00a0relajaci\u00f3n.. M\u00e1s informaci\u00f3n: 625 891 573 Claudia Cuando nace nuestro beb\u00e9, nace &hellip; <\/p>\n","protected":false},"author":760,"featured_media":0,"parent":0,"menu_order":0,"comment_status":"closed","ping_status":"closed","template":"","meta":{"_monsterinsights_skip_tracking":false,"_monsterinsights_sitenote_active":false,"_monsterinsights_sitenote_note":"","_monsterinsights_sitenote_category":0,"footnotes":""},"class_list":["post-72","page","type-page","status-publish","hentry"],"_links":{"self":[{"href":"https:\/\/www.claudiakaiser.es\/index.php?rest_route=\/wp\/v2\/pages\/72","targetHints":{"allow":["GET"]}}],"collection":[{"href":"https:\/\/www.claudiakaiser.es\/index.php?rest_route=\/wp\/v2\/pages"}],"about":[{"href":"https:\/\/www.claudiakaiser.es\/index.php?rest_route=\/wp\/v2\/types\/page"}],"author":[{"embeddable":true,"href":"https:\/\/www.claudiakaiser.es\/index.php?rest_route=\/wp\/v2\/users\/760"}],"replies":[{"embeddable":true,"href":"https:\/\/www.claudiakaiser.es\/index.php?rest_route=%2Fwp%2Fv2%2Fcomments&post=72"}],"version-history":[{"count":51,"href":"https:\/\/www.claudiakaiser.es\/index.php?rest_route=\/wp\/v2\/pages\/72\/revisions"}],"predecessor-version":[{"id":735,"href":"https:\/\/www.claudiakaiser.es\/index.php?rest_route=\/wp\/v2\/pages\/72\/revisions\/735"}],"wp:attachment":[{"href":"https:\/\/www.claudiakaiser.es\/index.php?rest_route=%2Fwp%2Fv2%2Fmedia&parent=72"}],"curies":[{"name":"wp","href":"https:\/\/api.w.org\/{rel}","templated":true}]}}