
{"id":187,"date":"2013-02-05T04:46:39","date_gmt":"2013-02-05T04:46:39","guid":{"rendered":"http:\/\/www.claudiakaiser.es\/?page_id=187"},"modified":"2017-10-06T17:19:28","modified_gmt":"2017-10-06T17:19:28","slug":"acerca-de-mi","status":"publish","type":"page","link":"https:\/\/www.claudiakaiser.es\/?page_id=187","title":{"rendered":"Acerca de mi \/ About me"},"content":{"rendered":"<p><strong>Hebamme, Matrona o Comadrona, Midwife\u00a0<\/strong><\/p>\n<p>Licenciada en Alemania en 1996, me vine a Espa\u00f1a nada m\u00e1s terminar mis estudios para comenzar a trabajar en partos en casa en el Grupo Genesis, Nacimiento en Libertad, Madrid.\u00a0 Trabajo actualmente en propia consulta, sobre todo en la Provincia de C\u00e1diz, en colaboraci\u00f3n con La Boutique del Alquimista, Conil de la Frontera, y\u00a0 Centro La Cal\u00e9ndula, Algeciras.\u00a0 Desde hace 20 a\u00f1os atiendo a partos en casa y acompa\u00f1o a partos respetados en el hospital. Tengo una l\u00ednea de consulta de Lactancia materna gratu\u00edta abierta constantemente. Me apasiona mi trabajo. Soy socia de la Asociaci\u00f3n EL PARTO ES NUESTRO. Madre de una hija nacida en el 1999, manager de mi hogar, jard\u00edn y huerta. Madrina de tres ahijadas en Espa\u00f1a y Alemania y madrina a distancia de una ni\u00f1a en Am\u00e9rica Central. Tengo una fuerte conexi\u00f3n a la naturaleza, a la tierra y me siento comprometida con su equilibrio. Colaboro con MSF M\u00e9dicos sin fronteras y a nivel local en protecci\u00f3n animal. Contenta y ocupada.<\/p>\n<p>Mi trabajo en general consiste en acompa\u00f1ar \u00a0con cari\u00f1o y respeto para las necesidades individuales, cuidar a las madres, a los padres, a sus beb\u00e9s, a lo largo del proceso desde el principio del embarazo, en el nacimiento, en el postparto, durante la lactancia y el primer a\u00f1o de vida. Es un trabajo( para todos ) muy gratificante, y una oportunidad excepcional de apoyar a la vida en su comienzo, d\u00f3nde m\u00e1s posibilidad tenemos de potenciar la salud, una gran oportunidad de aprender acerca de nosotros mismos, sobre la salud y la vida misma. Quiero ayudar a que el embarazo y el nacimiento se desarrollen con normalidad, que sean experiencias gozosas, saludables y gratificantes.<\/p>\n<p>Paso consulta de embarazo, doy clases de preparaci\u00f3n al parto, a la maternidad y paternidad, masajes para embarazadas y madres en el postparto.\u00a0 Atiendo a partos en casa y ofrezco acompa\u00f1amiento al parto hospitalario. Atiendo a la familia despu\u00e9s del nacimiento con visitas postparto a domicilio.<br \/>\nDoy talleres de temas relacionados con la crianza y la salud de la mujer y la familia. Imparto clases de recuperaci\u00f3n postparto con un enfoque respetuoso de los cambios vitales en la vida y en el cuerpo de la madre.<\/p>\n<p>Ofrezco entrevistas gratuitas a las madres y a los padres que me quieren conocer. Idiomas: Castellano. Ingl\u00e9s. Alem\u00e1n. Franc\u00e9s. (estudiando italiano)<\/p>\n<p>Para pedir cita o informarte sobre alguna de las actividades y cursos<br \/>\npor favor llama<br \/>\nClaudia Kaiser<br \/>\nm 625 891 573<\/p>\n<p>&nbsp;<\/p>\n<p><strong>Comments on my midwifery \/ Testimonials\u00a0<\/strong><\/p>\n<p>Claudia was the midwife for my second child, Emily, in 1999 and then again for the birth of my third child, Florence, in the year 2010. Over that time she has become a very close friend too.<\/p>\n<p>She has lived in Spain for many years and worked as a midwife in many capacities: preparing and conducting home births, working within the public Health Care System and also for private clinics. She also runs pre-natal classes, mother and baby groups as well as offering breastfeeding support.<\/p>\n<p>This varied background has given her a wealth of experience. She is adaptable, well informed and deals with unforeseen circumstances in a very calm and professional manner. She is a charismatic teacher and cousellor, demonstrating an in-depth medical knowledge and expertise of all aspects of her profession. \u00a0At the same time she is able to remain very much in tune with the emotional needs of a woman and her partner throughout the pregnancy, labour and the tender first few months.<\/p>\n<p>It is the love and devotion that she shows in her work and her ability to empower and encourage which impressed me more than anything.. I trained as a doula, and I can see that Claudia often takes on this empathetic\/supportive role \u00a0whilst remaining to be a very proficient midwife.<\/p>\n<p>There are many babies and children living in the area who have had the fortune to be brought into the world with the kind caring helping hands of Claudia.<\/p>\n<p>Jane Alicia Cooney<\/p>\n<p>&nbsp;<\/p>\n<p>&nbsp;<\/p>\n<p>Cristina Palmer-Romero, Feb 2013<\/p>\n<p>\u00abClaudia was a dream come true for me. I wanted a home birth with a midwife who spoke English and who would understand me and the culture I come from.<br \/>\nClaudia spent a lot of time getting to know both me and my husband before the birth. She asked and answered a hundred questions. The time spent together before the birth was invaluable. During the labour, it was as though Claudia was reading my mind. I didn\u00b4t have to ask for anything, I didn\u00b4t even know that I wanted something until Claudia presented me with the option. She was strong and supportive. With her skill and expertise she guided us, whilst all the time ensuring it was an intimate family affair. She respected all of our wishes and made little Ruben\u00b4s entrance into this world a truly beautiful experience.<br \/>\nDuring my postpartum stage, Claudia\u00b4s support was unfailing. At the drop of a hat she was on the end of the phone or at my door. I feel forever indebted to such a wonderful midwife\u00bb (Cristina Palmer-Romero, Feb 2013)<\/p>\n","protected":false},"excerpt":{"rendered":"<p>Hebamme, Matrona o Comadrona, Midwife\u00a0 Licenciada en Alemania en 1996, me vine a Espa\u00f1a nada m\u00e1s terminar mis estudios para comenzar a trabajar en partos en casa en el Grupo Genesis, Nacimiento en Libertad, Madrid.\u00a0 Trabajo actualmente en propia consulta, sobre todo en la Provincia de C\u00e1diz, en colaboraci\u00f3n con La Boutique del Alquimista, Conil &hellip; <\/p>\n","protected":false},"author":760,"featured_media":0,"parent":0,"menu_order":0,"comment_status":"open","ping_status":"open","template":"","meta":{"_monsterinsights_skip_tracking":false,"_monsterinsights_sitenote_active":false,"_monsterinsights_sitenote_note":"","_monsterinsights_sitenote_category":0,"footnotes":""},"class_list":["post-187","page","type-page","status-publish","hentry"],"_links":{"self":[{"href":"https:\/\/www.claudiakaiser.es\/index.php?rest_route=\/wp\/v2\/pages\/187","targetHints":{"allow":["GET"]}}],"collection":[{"href":"https:\/\/www.claudiakaiser.es\/index.php?rest_route=\/wp\/v2\/pages"}],"about":[{"href":"https:\/\/www.claudiakaiser.es\/index.php?rest_route=\/wp\/v2\/types\/page"}],"author":[{"embeddable":true,"href":"https:\/\/www.claudiakaiser.es\/index.php?rest_route=\/wp\/v2\/users\/760"}],"replies":[{"embeddable":true,"href":"https:\/\/www.claudiakaiser.es\/index.php?rest_route=%2Fwp%2Fv2%2Fcomments&post=187"}],"version-history":[{"count":19,"href":"https:\/\/www.claudiakaiser.es\/index.php?rest_route=\/wp\/v2\/pages\/187\/revisions"}],"predecessor-version":[{"id":718,"href":"https:\/\/www.claudiakaiser.es\/index.php?rest_route=\/wp\/v2\/pages\/187\/revisions\/718"}],"wp:attachment":[{"href":"https:\/\/www.claudiakaiser.es\/index.php?rest_route=%2Fwp%2Fv2%2Fmedia&parent=187"}],"curies":[{"name":"wp","href":"https:\/\/api.w.org\/{rel}","templated":true}]}}